{"id":987,"date":"2020-03-07T04:55:00","date_gmt":"2020-03-07T03:55:00","guid":{"rendered":"https:\/\/aqpamm.ca\/formation\/?page_id=987"},"modified":"2020-03-25T17:03:45","modified_gmt":"2020-03-25T16:03:45","slug":"conclusion","status":"publish","type":"page","link":"https:\/\/aqpamm.ca\/formation\/proche-aidant%c2%b7e\/module-3\/conclusion\/","title":{"rendered":"Conclusion"},"content":{"rendered":"\n<p class=\"has-text-align-center col-sm-12\"><strong>F\u00e9licitations<\/strong>!<br>Vous avez termin\u00e9 le module 3<br>Contrer l&rsquo;intimidation<br><br><a class=\"button\" href=\"https:\/\/aqpamm.ca\/formation\/proche-aidant%c2%b7e\/exercice-recapitualtif\/\">Compl\u00e9ter l&rsquo;exercice r\u00e9capitulatif<\/a><\/p>\n","protected":false},"excerpt":{"rendered":"<p>F\u00e9licitations!Vous avez termin\u00e9 le module 3Contrer l&rsquo;intimidation Compl\u00e9ter l&rsquo;exercice r\u00e9capitulatif [&#8230;]<\/p>\n<p><a class=\"btn btn-secondary understrap-read-more-link\" href=\"https:\/\/aqpamm.ca\/formation\/proche-aidant%c2%b7e\/module-3\/conclusion\/\">Lire la suite\u2026<span class=\"screen-reader-text\"> from Conclusion<\/span><\/a><\/p>\n","protected":false},"author":1,"featured_media":0,"parent":934,"menu_order":98,"comment_status":"closed","ping_status":"closed","template":"","meta":{"footnotes":""},"class_list":["post-987","page","type-page","status-publish","hentry"],"_links":{"self":[{"href":"https:\/\/aqpamm.ca\/formation\/wp-json\/wp\/v2\/pages\/987","targetHints":{"allow":["GET"]}}],"collection":[{"href":"https:\/\/aqpamm.ca\/formation\/wp-json\/wp\/v2\/pages"}],"about":[{"href":"https:\/\/aqpamm.ca\/formation\/wp-json\/wp\/v2\/types\/page"}],"author":[{"embeddable":true,"href":"https:\/\/aqpamm.ca\/formation\/wp-json\/wp\/v2\/users\/1"}],"replies":[{"embeddable":true,"href":"https:\/\/aqpamm.ca\/formation\/wp-json\/wp\/v2\/comments?post=987"}],"version-history":[{"count":5,"href":"https:\/\/aqpamm.ca\/formation\/wp-json\/wp\/v2\/pages\/987\/revisions"}],"predecessor-version":[{"id":1241,"href":"https:\/\/aqpamm.ca\/formation\/wp-json\/wp\/v2\/pages\/987\/revisions\/1241"}],"up":[{"embeddable":true,"href":"https:\/\/aqpamm.ca\/formation\/wp-json\/wp\/v2\/pages\/934"}],"wp:attachment":[{"href":"https:\/\/aqpamm.ca\/formation\/wp-json\/wp\/v2\/media?parent=987"}],"curies":[{"name":"wp","href":"https:\/\/api.w.org\/{rel}","templated":true}]}}