{"id":984,"date":"2020-03-07T04:53:40","date_gmt":"2020-03-07T03:53:40","guid":{"rendered":"https:\/\/aqpamm.ca\/formation\/?page_id=984"},"modified":"2020-03-24T18:10:36","modified_gmt":"2020-03-24T17:10:36","slug":"quiz-recapitulatif-3-3","status":"publish","type":"page","link":"https:\/\/aqpamm.ca\/formation\/proche-aidant%c2%b7e\/module-3\/quiz-recapitulatif-3-3\/","title":{"rendered":"Quiz r\u00e9capitulatif &#8211; 3\/3"},"content":{"rendered":"\n<div class=\"col-md-12\">\nVous accompagnez votre fr\u00e8re \u00e0 ses rendez-vous m\u00e9dicaux, l&rsquo;appelez r\u00e9guli\u00e8rement pour voir comment il va et l&rsquo;aidez \u00e0 se trouver un nouvel emploi. Vous reconnaissez que certains de vos comportements pourraient \u00eatre per\u00e7us comme intimidants par votre proche. Vous montez fr\u00e9quemment le ton lorsqu\u2019il ne tient pas ses engagements, vous lui reprochez tous les jours de ne pas se prendre en main et le bousculez physiquement.\n<br><br>\n<div class=\"h5p-iframe-wrapper\"><iframe id=\"h5p-iframe-32\" class=\"h5p-iframe\" data-content-id=\"32\" style=\"height:1px\" src=\"about:blank\" frameBorder=\"0\" scrolling=\"no\" title=\"Volet PA - Module 3 - Quiz r\u00e9capitulatif 3\"><\/iframe><\/div><\/div>\n","protected":false},"excerpt":{"rendered":"<p>Vous accompagnez votre fr\u00e8re \u00e0 ses rendez-vous m\u00e9dicaux, l&rsquo;appelez r\u00e9guli\u00e8rement pour voir comment il va et l&rsquo;aidez \u00e0 se trouver un nouvel emploi. Vous reconnaissez que certains de vos comportements pourraient \u00eatre per\u00e7us comme intimidants par votre proche. Vous montez fr\u00e9quemment le ton lorsqu\u2019il ne tient pas ses engagements, vous lui reprochez tous les jours [&#8230;]<\/p>\n<p><a class=\"btn btn-secondary understrap-read-more-link\" href=\"https:\/\/aqpamm.ca\/formation\/proche-aidant%c2%b7e\/module-3\/quiz-recapitulatif-3-3\/\">Lire la suite\u2026<span class=\"screen-reader-text\"> from Quiz r\u00e9capitulatif &#8211; 3\/3<\/span><\/a><\/p>\n","protected":false},"author":1,"featured_media":0,"parent":934,"menu_order":97,"comment_status":"closed","ping_status":"closed","template":"","meta":{"footnotes":""},"class_list":["post-984","page","type-page","status-publish","hentry"],"_links":{"self":[{"href":"https:\/\/aqpamm.ca\/formation\/wp-json\/wp\/v2\/pages\/984","targetHints":{"allow":["GET"]}}],"collection":[{"href":"https:\/\/aqpamm.ca\/formation\/wp-json\/wp\/v2\/pages"}],"about":[{"href":"https:\/\/aqpamm.ca\/formation\/wp-json\/wp\/v2\/types\/page"}],"author":[{"embeddable":true,"href":"https:\/\/aqpamm.ca\/formation\/wp-json\/wp\/v2\/users\/1"}],"replies":[{"embeddable":true,"href":"https:\/\/aqpamm.ca\/formation\/wp-json\/wp\/v2\/comments?post=984"}],"version-history":[{"count":5,"href":"https:\/\/aqpamm.ca\/formation\/wp-json\/wp\/v2\/pages\/984\/revisions"}],"predecessor-version":[{"id":1159,"href":"https:\/\/aqpamm.ca\/formation\/wp-json\/wp\/v2\/pages\/984\/revisions\/1159"}],"up":[{"embeddable":true,"href":"https:\/\/aqpamm.ca\/formation\/wp-json\/wp\/v2\/pages\/934"}],"wp:attachment":[{"href":"https:\/\/aqpamm.ca\/formation\/wp-json\/wp\/v2\/media?parent=984"}],"curies":[{"name":"wp","href":"https:\/\/api.w.org\/{rel}","templated":true}]}}