{"id":967,"date":"2020-03-07T04:37:40","date_gmt":"2020-03-07T03:37:40","guid":{"rendered":"https:\/\/aqpamm.ca\/formation\/?page_id=967"},"modified":"2020-03-24T18:05:34","modified_gmt":"2020-03-24T17:05:34","slug":"connaitre-des-pistes-pour-se-sortir-dune-situation-ou-lon-est-temoin-dintimidation-2","status":"publish","type":"page","link":"https:\/\/aqpamm.ca\/formation\/proche-aidant%c2%b7e\/module-3\/connaitre-des-pistes-pour-se-sortir-dune-situation-ou-lon-est-temoin-dintimidation-2\/","title":{"rendered":"Conna\u00eetre des pistes pour se sortir d\u2019une situation o\u00f9 l\u2019on est t\u00e9moin d\u2019intimidation"},"content":{"rendered":"\n<div class=\"col-md-12\">\nAlice, la soeur de Marie, est souvent t\u00e9moin d&rsquo;\u00e9pisodes d&rsquo;intimidation entre Marie et Maxime. Maxime am\u00e8ne Marie manger chez Alice une fois par semaine. Il rabaisse r\u00e9guli\u00e8rement sa m\u00e8re devant Alice, il lui reproche son manque d\u2019effort pour se sortir de sa situation lors de ces moments familiaux.\n<br>\n<br>\n<div class=\"h5p-iframe-wrapper\"><iframe id=\"h5p-iframe-28\" class=\"h5p-iframe\" data-content-id=\"28\" style=\"height:1px\" src=\"about:blank\" frameBorder=\"0\" scrolling=\"no\" title=\"Volet PA - Module 3 - Pistes t\u00e9moin\"><\/iframe><\/div><\/div>\n","protected":false},"excerpt":{"rendered":"<p>Alice, la soeur de Marie, est souvent t\u00e9moin d&rsquo;\u00e9pisodes d&rsquo;intimidation entre Marie et Maxime. Maxime am\u00e8ne Marie manger chez Alice une fois par semaine. Il rabaisse r\u00e9guli\u00e8rement sa m\u00e8re devant Alice, il lui reproche son manque d\u2019effort pour se sortir de sa situation lors de ces moments familiaux. [&#8230;]<\/p>\n<p><a class=\"btn btn-secondary understrap-read-more-link\" href=\"https:\/\/aqpamm.ca\/formation\/proche-aidant%c2%b7e\/module-3\/connaitre-des-pistes-pour-se-sortir-dune-situation-ou-lon-est-temoin-dintimidation-2\/\">Lire la suite\u2026<span class=\"screen-reader-text\"> from Conna\u00eetre des pistes pour se sortir d\u2019une situation o\u00f9 l\u2019on est t\u00e9moin d\u2019intimidation<\/span><\/a><\/p>\n","protected":false},"author":1,"featured_media":0,"parent":934,"menu_order":92,"comment_status":"closed","ping_status":"closed","template":"","meta":{"footnotes":""},"class_list":["post-967","page","type-page","status-publish","hentry"],"_links":{"self":[{"href":"https:\/\/aqpamm.ca\/formation\/wp-json\/wp\/v2\/pages\/967","targetHints":{"allow":["GET"]}}],"collection":[{"href":"https:\/\/aqpamm.ca\/formation\/wp-json\/wp\/v2\/pages"}],"about":[{"href":"https:\/\/aqpamm.ca\/formation\/wp-json\/wp\/v2\/types\/page"}],"author":[{"embeddable":true,"href":"https:\/\/aqpamm.ca\/formation\/wp-json\/wp\/v2\/users\/1"}],"replies":[{"embeddable":true,"href":"https:\/\/aqpamm.ca\/formation\/wp-json\/wp\/v2\/comments?post=967"}],"version-history":[{"count":6,"href":"https:\/\/aqpamm.ca\/formation\/wp-json\/wp\/v2\/pages\/967\/revisions"}],"predecessor-version":[{"id":1156,"href":"https:\/\/aqpamm.ca\/formation\/wp-json\/wp\/v2\/pages\/967\/revisions\/1156"}],"up":[{"embeddable":true,"href":"https:\/\/aqpamm.ca\/formation\/wp-json\/wp\/v2\/pages\/934"}],"wp:attachment":[{"href":"https:\/\/aqpamm.ca\/formation\/wp-json\/wp\/v2\/media?parent=967"}],"curies":[{"name":"wp","href":"https:\/\/api.w.org\/{rel}","templated":true}]}}