{"id":936,"date":"2020-03-06T03:32:35","date_gmt":"2020-03-06T02:32:35","guid":{"rendered":"https:\/\/aqpamm.ca\/formation\/?page_id=936"},"modified":"2020-03-24T17:41:00","modified_gmt":"2020-03-24T16:41:00","slug":"contrer-intimidation","status":"publish","type":"page","link":"https:\/\/aqpamm.ca\/formation\/proche-aidant%c2%b7e\/module-3\/contrer-intimidation\/","title":{"rendered":"Contrer l&rsquo;intimidation"},"content":{"rendered":"\n<figure class=\"wp-block-image size-large col-sm-4\"><img loading=\"lazy\" decoding=\"async\" width=\"464\" height=\"402\" src=\"https:\/\/aqpamm.ca\/formation\/wp-content\/uploads\/2020\/01\/maxime.png\" alt=\"\" class=\"wp-image-525\" srcset=\"https:\/\/aqpamm.ca\/formation\/wp-content\/uploads\/2020\/01\/maxime.png 464w, https:\/\/aqpamm.ca\/formation\/wp-content\/uploads\/2020\/01\/maxime-300x260.png 300w\" sizes=\"auto, (max-width: 464px) 100vw, 464px\" \/><\/figure>\n\n\n\n<p class=\"col-sm-8\">En tant que proche aidant\u00b7e, il peut \u00eatre difficile de rep\u00e9rer la pr\u00e9sence d\u2019intimidation dans la relation avec votre proche. Il est possible que vous n\u2019ayez pas conscience que vous ayez des comportements d\u2019intimidation ou que vous\u00a0 en soyez victime. Vous pouvez aussi ressentir de la honte ou de la culpabilit\u00e9 par rapport \u00e0 l\u2019intimidation v\u00e9cue ou exerc\u00e9e. L\u2019intimidation en proche aidance est un sujet tabou et peu connu.<br><br>Le module 3 aborde des pistes pour se prot\u00e9ger en cas d\u2019intimidation ou afin d\u2019\u00e9viter d\u2019y avoir recours.  <\/p>\n","protected":false},"excerpt":{"rendered":"<p>En tant que proche aidant\u00b7e, il peut \u00eatre difficile de rep\u00e9rer la pr\u00e9sence d\u2019intimidation dans la relation avec votre proche. Il est possible que vous n\u2019ayez pas conscience que vous ayez des comportements d\u2019intimidation ou que vous\u00a0 en soyez victime. Vous pouvez aussi ressentir de la honte ou de la culpabilit\u00e9 par rapport \u00e0 l\u2019intimidation [&#8230;]<\/p>\n<p><a class=\"btn btn-secondary understrap-read-more-link\" href=\"https:\/\/aqpamm.ca\/formation\/proche-aidant%c2%b7e\/module-3\/contrer-intimidation\/\">Lire la suite\u2026<span class=\"screen-reader-text\"> from Contrer l&rsquo;intimidation<\/span><\/a><\/p>\n","protected":false},"author":1,"featured_media":0,"parent":934,"menu_order":82,"comment_status":"closed","ping_status":"closed","template":"","meta":{"footnotes":""},"class_list":["post-936","page","type-page","status-publish","hentry"],"_links":{"self":[{"href":"https:\/\/aqpamm.ca\/formation\/wp-json\/wp\/v2\/pages\/936","targetHints":{"allow":["GET"]}}],"collection":[{"href":"https:\/\/aqpamm.ca\/formation\/wp-json\/wp\/v2\/pages"}],"about":[{"href":"https:\/\/aqpamm.ca\/formation\/wp-json\/wp\/v2\/types\/page"}],"author":[{"embeddable":true,"href":"https:\/\/aqpamm.ca\/formation\/wp-json\/wp\/v2\/users\/1"}],"replies":[{"embeddable":true,"href":"https:\/\/aqpamm.ca\/formation\/wp-json\/wp\/v2\/comments?post=936"}],"version-history":[{"count":4,"href":"https:\/\/aqpamm.ca\/formation\/wp-json\/wp\/v2\/pages\/936\/revisions"}],"predecessor-version":[{"id":1146,"href":"https:\/\/aqpamm.ca\/formation\/wp-json\/wp\/v2\/pages\/936\/revisions\/1146"}],"up":[{"embeddable":true,"href":"https:\/\/aqpamm.ca\/formation\/wp-json\/wp\/v2\/pages\/934"}],"wp:attachment":[{"href":"https:\/\/aqpamm.ca\/formation\/wp-json\/wp\/v2\/media?parent=936"}],"curies":[{"name":"wp","href":"https:\/\/api.w.org\/{rel}","templated":true}]}}