{"id":913,"date":"2020-03-06T03:19:06","date_gmt":"2020-03-06T02:19:06","guid":{"rendered":"https:\/\/aqpamm.ca\/formation\/?page_id=913"},"modified":"2020-05-05T21:58:50","modified_gmt":"2020-05-05T19:58:50","slug":"les-facteurs-contextuels","status":"publish","type":"page","link":"https:\/\/aqpamm.ca\/formation\/proche-aidant%c2%b7e\/module-2\/les-facteurs-contextuels\/","title":{"rendered":"Les facteurs contextuels"},"content":{"rendered":"\n<p>Les facteurs contextuels favorisent l\u2019apparition d\u2019actes d\u2019intimidation chez les proches aidant\u00b7e\u00b7s. <\/p>\n\n\n\n<div class=\"col-sm-6\">\n<div class=\"h5p-iframe-wrapper\"><iframe id=\"h5p-iframe-37\" class=\"h5p-iframe\" data-content-id=\"37\" style=\"height:1px\" src=\"about:blank\" frameBorder=\"0\" scrolling=\"no\" title=\"Volet PA - Module 2 - Les facteurs contextuels\"><\/iframe><\/div>\n<br\/>\n\n\n\n<\/div>\n\n\n\n<p class=\"col-sm-2\">\n<a href=\"https:\/\/aqpamm.ca\/formation\/wp-content\/uploads\/2020\/03\/Les-\u00e9l\u00e9ments-du-stress.pdf\" target=\"_blank\" rel=\"noreferrer noopener\" aria-label=\" (s\u2019ouvre dans un nouvel onglet)\"><img decoding=\"async\" class=\"iconPdf\" src=\"https:\/\/aqpamm.ca\/formation\/wp-content\/uploads\/2020\/01\/pdf_icon.png\"> En savoir plus sur les \u00e9l\u00e9ments du stress<\/a>\n<br><br>\n<a href=\"https:\/\/aqpamm.ca\/formation\/wp-content\/uploads\/2020\/05\/Niveau-d\u00e9puisement.pdf\" target=\"_blank\" rel=\"noreferrer noopener\" aria-label=\" (s\u2019ouvre dans un nouvel onglet)\"><img decoding=\"async\" class=\"iconPdf\" src=\"https:\/\/aqpamm.ca\/formation\/wp-content\/uploads\/2020\/01\/pdf_icon.png\"> En savoir plus sur l&rsquo;estimation de son niveau d&rsquo;\u00e9puisement<\/a>\n<br><br>\n<a href=\"https:\/\/aqpamm.ca\/formation\/wp-content\/uploads\/2020\/05\/La-communication-non-violente.pdf\" target=\"_blank\" rel=\"noreferrer noopener\" aria-label=\" (s\u2019ouvre dans un nouvel onglet)\"><img decoding=\"async\" class=\"iconPdf\" src=\"https:\/\/aqpamm.ca\/formation\/wp-content\/uploads\/2020\/01\/pdf_icon.png\"> En savoir plus sur la communication non violente<\/a><\/p>\n\n\n\n<figure class=\"wp-block-image size-large col-sm-4\"><img decoding=\"async\" src=\"https:\/\/aqpamm.ca\/formation\/wp-content\/uploads\/2020\/01\/maxime.png\" alt=\"\" class=\"wp-image-469\"\/><\/figure>\n","protected":false},"excerpt":{"rendered":"<p>Les facteurs contextuels favorisent l\u2019apparition d\u2019actes d\u2019intimidation chez les proches aidant\u00b7e\u00b7s. En savoir plus sur les \u00e9l\u00e9ments du stress En savoir plus sur l&rsquo;estimation de son niveau d&rsquo;\u00e9puisement En savoir plus sur la communication non violente [&#8230;]<\/p>\n<p><a class=\"btn btn-secondary understrap-read-more-link\" href=\"https:\/\/aqpamm.ca\/formation\/proche-aidant%c2%b7e\/module-2\/les-facteurs-contextuels\/\">Lire la suite\u2026<span class=\"screen-reader-text\"> from Les facteurs contextuels<\/span><\/a><\/p>\n","protected":false},"author":1,"featured_media":0,"parent":906,"menu_order":75,"comment_status":"closed","ping_status":"closed","template":"","meta":{"footnotes":""},"class_list":["post-913","page","type-page","status-publish","hentry"],"_links":{"self":[{"href":"https:\/\/aqpamm.ca\/formation\/wp-json\/wp\/v2\/pages\/913","targetHints":{"allow":["GET"]}}],"collection":[{"href":"https:\/\/aqpamm.ca\/formation\/wp-json\/wp\/v2\/pages"}],"about":[{"href":"https:\/\/aqpamm.ca\/formation\/wp-json\/wp\/v2\/types\/page"}],"author":[{"embeddable":true,"href":"https:\/\/aqpamm.ca\/formation\/wp-json\/wp\/v2\/users\/1"}],"replies":[{"embeddable":true,"href":"https:\/\/aqpamm.ca\/formation\/wp-json\/wp\/v2\/comments?post=913"}],"version-history":[{"count":15,"href":"https:\/\/aqpamm.ca\/formation\/wp-json\/wp\/v2\/pages\/913\/revisions"}],"predecessor-version":[{"id":1295,"href":"https:\/\/aqpamm.ca\/formation\/wp-json\/wp\/v2\/pages\/913\/revisions\/1295"}],"up":[{"embeddable":true,"href":"https:\/\/aqpamm.ca\/formation\/wp-json\/wp\/v2\/pages\/906"}],"wp:attachment":[{"href":"https:\/\/aqpamm.ca\/formation\/wp-json\/wp\/v2\/media?parent=913"}],"curies":[{"name":"wp","href":"https:\/\/api.w.org\/{rel}","templated":true}]}}