{"id":702,"date":"2020-02-12T23:16:01","date_gmt":"2020-02-12T22:16:01","guid":{"rendered":"https:\/\/aqpamm.ca\/formation\/?page_id=702"},"modified":"2020-03-26T03:37:45","modified_gmt":"2020-03-26T02:37:45","slug":"liens-utiles","status":"publish","type":"page","link":"https:\/\/aqpamm.ca\/formation\/intervenant%c2%b7e%c2%b7s\/ressources\/liens-utiles\/","title":{"rendered":"Liens utiles"},"content":{"rendered":"\n<h4 class=\"wp-block-heading\">Quelques guides t\u00e9l\u00e9chargeables<\/h4>\n\n\n\n<p><strong>AQPAMM. (2018). <\/strong> <a href=\"https:\/\/aqpamm.ca\/wp-content\/uploads\/2018\/10\/AQPAMM_Ensemble_vers_le_respect_WEB-1.pdf \">Ensemble vers le respect<\/a><br>Guide d\u2019aide et de ressources : Contrer et pr\u00e9venir l&rsquo;intimidation dans la relation avec un proche ayant une probl\u00e9matique de sant\u00e9 mentale <\/p>\n\n\n\n<p><strong>FFAPAMM et UNAFAM. (2013).<\/strong> <a href=\"https:\/\/www.avantdecraquer.com\/wp-content\/uploads\/2013\/09\/FFAPAMM_Guide_indispensable_interactif-2013.pdf#page=52&amp;zoom=100,0,0\">L\u2019indispensable \u2013 Guide \u00e0 l\u2019intention des membres de l\u2019entourage d\u2019une personne atteinte de maladie mentale <\/a> <\/p>\n\n\n\n<p><strong>Gouvernement du Qu\u00e9bec. (2009). <\/strong> <a href=\"https:\/\/publications.msss.gouv.qc.ca\/msss\/fichiers\/2009\/09-914-05F.pdf\">Guide pratique sur les droits en sant\u00e9 mentale.<\/a> <\/p>\n\n\n\n<p><strong>Institut universitaire en sant\u00e9 mentale de Qu\u00e9bec. (2009).  <\/strong> <a href=\"http:\/\/www.lepas.ca\/Document\/Guide_2.pdf\">Guide d\u2019information et de soutien destin\u00e9 aux membres de l\u2019entourage d\u2019une personne atteinte de maladie mentale<\/a> <\/p>\n\n\n\n<p><strong>Regroupement des aidants naturels de la Mauricie. (2018). <\/strong> <a href=\"https:\/\/ciusssmcq.ca\/telechargement\/627\/guide-de-prevention-de-l-epuisement-aux-proches-aidantes-et-aux-proches-aidants\/\">Prendre soin de moi\u2026 tout en prenant soin de l\u2019autre \u2013  Guide de pr\u00e9vention de l\u2019\u00e9puisement destin\u00e9 aux proches aidants <\/a> <\/p>\n\n\n\n<h4 class=\"wp-block-heading\">En cas d&rsquo;urgence<\/h4>\n\n\n\n<p><strong>Services d&rsquo;urgence<\/strong><br>911<\/p>\n\n\n\n<p><strong><a href=\"https:\/\/ciusssmcq.ca\/telechargement\/627\/guide-de-prevention-de-l-epuisement-aux-proches-aidantes-et-aux-proches-aidants\/\">Centres de crise du Qu\u00e9bec<\/a><\/strong><br>Offrent des services gratuits en intervention de crise pour toute personne adulte qui vit une situation de d\u00e9tresse, \u00e0 risque de suicide ou non, ainsi qu&rsquo;\u00e0 leurs proches, 24 heures par jour, 7 jours sur 7.<\/p>\n\n\n\n<p><strong><a href=\"https:\/\/www.centredecrise.ca\/le-transit\">Centres de crise Le Transit<\/a><\/strong> (sur le territoire de l&rsquo;AQPAMM)<br>1-514-282-7753<\/p>\n\n\n\n<p><strong><a href=\"https:\/\/suicideactionmontreal.org\/\">Suicide Action Montr\u00e9al<\/a><\/strong><br>Propose des services qui s\u2019adressent autant aux personnes en d\u00e9tresse ou suicidaires, \u00e0 leurs proches, ou \u00e0 ceux et celles touch\u00e9s par le suicide d\u2019un proche, 24 heures par jour et 7 jours sur 7.<br>1 866 277-3553 &#8211; (1-866-APPELLE)<\/p>\n\n\n\n<h4 class=\"wp-block-heading\">Ressources en maltraitance pour les personnes a\u00een\u00e9es<\/h4>\n\n\n\n<p><strong><a href=\"https:\/\/aineavise.ca\/\">A\u00een\u00e9-Avis\u00e9 contre l\u2019abus et la fraude<\/a><\/strong> (Programme du R\u00e9seau FADOQ)             <br>Programme visant \u00e0 sensibiliser les ain\u00e9s et le public en g\u00e9n\u00e9ral \u00e0 la maltraitance, la fraude et l\u2019intimidation envers les personnes a\u00een\u00e9es.<br>1 800 544-9058<\/p>\n\n\n\n<p><strong><a href=\"https:\/\/aideabusaines.ca\">Ligne Aide Abus Ain\u00e9s<\/a><\/strong> (Ligne AAA)<br>Ligne d\u2019\u00e9coute et de r\u00e9f\u00e9rence provinciale sp\u00e9cialis\u00e9e en maltraitance envers les personnes ain\u00e9es pour toute personne concern\u00e9e (ain\u00e9, proche aidant, membre de la famille, professionnel, intervenant, etc.). Service gratuit et confidentiel, de 8h \u00e0 20h, 7 jours sur 7.<br>1 888 489-2287 (1 888 489-ABUS) ou 1 514 489-2287<\/p>\n\n\n\n<p><strong><a href=\"www.ophq.gouv.qc.ca \">Office des personnes handicap\u00e9es du Qu\u00e9bec (OPHQ)<\/a><\/strong><br>Dispose d\u2019un service de soutien pour toute personne handicap\u00e9e qui pense \u00eatre victime d\u2019exploitation, de violence, de maltraitance, de n\u00e9gligence ou de tout autre acte susceptible de lui causer un pr\u00e9judice et qui d\u00e9sire porter plainte.<br>1 800 567-1465<\/p>\n\n\n\n<h4 class=\"wp-block-heading\">Ressource pour les proches aidant\u00b7e\u00b7s d\u2019ain\u00e9\u00b7e\u00b7s<\/h4>\n\n\n\n<p><strong>Service Info-Aidant de l\u2019APPUI pour les proches aidants d\u2019ain\u00e9s<\/strong>             <br>Service t\u00e9l\u00e9phonique d\u2019\u00e9coute, d\u2019information et de r\u00e9f\u00e9rences professionnel, confidentiel et gratuit qui s&rsquo;adresse aux proches aidants d&rsquo;ain\u00e9s et \u00e0 leur entourage, aux intervenants et aux professionnels de la sant\u00e9.<br>1 855 852-7784<\/p>\n\n\n\n<h4 class=\"wp-block-heading\">Ressources en intimidation pour les jeunes<\/h4>\n\n\n\n<p><strong><a href=\"https:\/\/cyberaide.ca\">Cyberaide!ca<\/a><\/strong><br>Service canadien d\u2019information, de ressources, de soutien et d\u2019orientation en mati\u00e8re de s\u00e9curit\u00e9 en ligne. Il permet de signaler des cas d\u2019exploitation sexuelle d\u2019enfants sur internet et de faire retirer une image ou une vid\u00e9o \u00e0 caract\u00e8re sexuel d\u2019un mineur.<\/p>\n\n\n\n<p><strong><a href=\"https:\/\/jeunessejecoute.ca\">Jeunesse, J\u2019\u00e9coute<\/a><\/strong><br>Service de consultation et d\u2019information bilingue accessible en ligne ou par t\u00e9l\u00e9phone permettant aux jeunes de parler de leurs probl\u00e8mes, accessible 24 heures par jour, 7 jours sur 7, partout au Canada. Ce service est anonyme et confidentiel.<br>1 800 668-6868<\/p>\n\n\n\n<p><strong><a href=\"https:\/\/ajbm.qc.ca\/services-au-public\/mercredi-jen-parle-a-mon-avocat\/\">Mercredi, j&rsquo;en parle \u00e0 mon avocat!<\/a><\/strong><br>Service t\u00e9l\u00e9phonique du Jeune Barreau de Montr\u00e9al qui s\u2019adresse aux jeunes \u00e2g\u00e9s entre 12 et 20 ans qui permet de parler gratuitement \u00e0 un avocat b\u00e9n\u00e9vole sur toute question de nature juridique (il faut faire une demande de consultation en ligne ou par t\u00e9l\u00e9phone).<br>1 514 954-3446<\/p>\n\n\n\n<p><strong><a href=\"https:\/\/sos-suicide.org\/\">S.O.S Suicide Jeunesse<\/a><\/strong><br>Ligne d\u2019intervention active sans frais aupr\u00e8s des personnes suicidaires et de leurs proches, accessible partout en province, de 8h le matin \u00e0 minuit le soir, 7 jours sur 7.<br>1 800 595-5580<\/p>\n\n\n\n<p><strong><a href=\"https:\/\/teljeunes.com\/Tel-jeunes\">Tel-Jeunes<\/a><\/strong><br>Service d\u2019\u00e9coute et d\u2019information destin\u00e9 aux jeunes de 5 \u00e0 20 ans vivant au Qu\u00e9bec, accessible par t\u00e9l\u00e9phone et en ligne, 24 heures par jour, 7 jours sur 7. Ce service est gratuit, anonyme et confidentiel.<br>1 800 263-2266 &#8211; Texto: 1 514 600-1002<\/p>\n\n\n\n<h4 class=\"wp-block-heading\">Ressource pour les parents de jeunes<\/h4>\n\n\n\n<p> <strong><a href=\"https:\/\/ligneparents.com\">Ligne Parents<\/a><\/strong><br>Service d\u2019intervention accessible \u00e0 tous les parents d\u2019enfants \u00e2g\u00e9s de 0 \u00e0 20 ans du Qu\u00e9bec, offrant de fa\u00e7on gratuite, anonyme et confidentielle du soutien professionnel aux parents dans la r\u00e9solution de probl\u00e8mes et en situation de crise. 24 heures par jour, 7 jours sur 7.<br>1 800 361-5085<\/p>\n\n\n\n<h4 class=\"wp-block-heading\">Ressources pour les personnes victimes d\u2019actes criminels<\/h4>\n\n\n\n<p><strong><a href=\"https:\/\/cavac.qc.ca\">Centres d\u2019aide aux victimes d\u2019actes criminels (CAVAC)<\/a><\/strong><br>Les intervenants des CAVAC aident les personnes victimes et leurs proches ainsi que les t\u00e9moins d\u2019actes criminels qu\u2019il y ait ou non, une plainte \u00e0 la police, que le crime ait eu lieu hier ou il y a plusieurs ann\u00e9es. Les services sont gratuits et confidentiels.<br>1 866 532-2822 (1-866-LE-CAVAC)<\/p>\n\n\n\n<p><strong><a href=\"https:\/\/sosviolenceconjugale.ca\/\">SOS violence conjugale<\/a><\/strong><br>Offre des services d\u2019accueil, d\u2019\u00e9valuation, d\u2019information, de sensibilisation, de soutien et de r\u00e9f\u00e9rence bilingues, gratuits, anonymes et confidentiels 24 heures par jour et 7 jours sur 7 aux victimes de violence conjugale et \u00e0 l\u2019ensemble des personnes concern\u00e9es par cette probl\u00e9matique.<br>1 800 363-9010         <\/p>\n\n\n\n<h4 class=\"wp-block-heading\">Ressources pour les personnes ayant des comportements violents<\/h4>\n\n\n\n<p><strong><a href=\"http:\/\/www.optionalternative.org\/\">Option<\/a><\/strong><br>Offre des services de soutien, de suivi et de psychoth\u00e9rapie en fran\u00e7ais aux adultes, hommes et femmes, ayant des comportements violents dans un contexte conjugal et familial.<br>1 514 527-1657         <\/p>\n\n\n\n<p><strong><a href=\"http:\/\/www.pro-gam.ca\/\">PRO-GAM<\/a><\/strong><br>Contribue \u00e0 pr\u00e9venir la violence conjugale en intervenant aupr\u00e8s des conjoints ayant des comportements violents, en partenariat et en compl\u00e9mentarit\u00e9 avec les autres ressources de la probl\u00e9matique, et en r\u00e9alisant des activit\u00e9s d\u2019information, de pr\u00e9vention et de sensibilisation aupr\u00e8s des femmes, des jeunes, des enfants et de la population en g\u00e9n\u00e9ral.             <br>1 514 270-8462<\/p>\n\n\n\n<h4 class=\"wp-block-heading\">Ressources en d\u00e9fense des droits<\/h4>\n\n\n\n<p><strong><a href=\"https:\/\/www.actionautonomie.qc.ca\/\">Action autonomie<\/a><\/strong><br>Vise la d\u00e9fense des droits des personnes vivant des probl\u00e8mes de sant\u00e9 mentale par une approche d\u2019\u00e9ducation. S\u2019appuyant sur le principe de primaut\u00e9 de la personne, leurs d\u00e9marches s\u2019effectuent dans un rapport d\u2019aide et non d\u2019autorit\u00e9.<br>1 514 525-5060<\/p>\n\n\n\n<p><strong><a href=\"https:\/\/aqpv.ca\/\">Association qu\u00e9b\u00e9coise Plaidoyer-Victimes (AQPV)<\/a><\/strong><br>A pour mission la d\u00e9fense et la promotion des droits et des int\u00e9r\u00eats des victimes d\u2019actes criminels.<br>1 514 526-9037<\/p>\n\n\n\n<p><strong><a href=\"https:\/\/cdpdj.qc.ca\">Commission des droits de la personne et des droits de la jeunesse Qu\u00e9bec (CDPDJ)<\/a><\/strong><br>Pour toute personne victime de discrimination sur la base d\u2019un des motifs pr\u00e9vus dans la Charte des droits et libert\u00e9s de la personne.<br>1 800 361-6477<\/p>\n\n\n\n<h4 class=\"wp-block-heading\">Organisations partenaires<\/h4>\n\n\n\n<h3 class=\"wp-block-heading\">\u2192 Pour les proches aidant\u00b7e\u00b7s de personnes vivant des probl\u00e8mes de sant\u00e9 mentale<\/h3>\n\n\n\n<p><strong><a href=\"https:\/\/alpabem.qc.ca\">ALPABEM (Association lavalloise de parents et amis pour le bien)<\/a><\/strong><br>1 450 688-0541<\/p>\n\n\n\n<p><strong><a href=\"https:\/\/amiquebec.org\/\">AMI-Qu\u00e9bec, Ouest de l&rsquo;\u00eele<\/a><\/strong><br>1 514 486-1448<\/p>\n\n\n\n<p><strong><a href=\"https:\/\/apammrs.org\">APAMM RS (Association des parents et amis de la personne atteinte de maladie mentale)<\/a><\/strong><br>Mont\u00e9r\u00e9gie<br>1 450 766-0524<\/p>\n\n\n\n<p><strong><a href=\"https:\/\/appamme.org\/\">APAMME (Association des proches de personnes atteintes de maladie mentale de l\u2019Estrie)<\/a><\/strong><br>1 819 563-1363<\/p>\n\n\n\n<p><strong><a href=\"https:\/\/aidemaladiementale.com\/\">APSM (Association de parents pour la sant\u00e9 mentale de Saint-Laurent Bordeaux Cartierville)<\/a><\/strong><br>1 514 744-5218<\/p>\n\n\n\n<p><strong><a href=\"https:\/\/lapogee.ca\">L\u2019Apog\u00e9e Gatineau<\/a><\/strong><br>1 819 771-6488 ou 1 866 358-6488<\/p>\n\n\n\n<p><strong><a href=\"https:\/\/safap.net\">L\u2019Entre-toit \u2013 Programme SAFAP<\/a><\/strong><br>Soutien aux familles et aux proches de personnes psychiatris\u00e9es et judiciaris\u00e9es.<br>1 514 846-3202 #103<\/p>\n\n\n\n<p><strong><a href=\"http:\/\/www.lahalte.ca\/\">La halte des proches (ALPPAMM), Laurentides<\/a><\/strong><br>1 450 438-4291<\/p>\n\n\n\n<p><strong><a href=\"https:\/\/laparentrie.org\/\">La Parentrie, Montr\u00e9al Nord<\/a><\/strong><br>1 514 385-6786<\/p>\n\n\n\n<p><strong><a href=\"https:\/\/lemaillon.com\">Le Maillon, Chicoutimi<\/a><\/strong><br>1 418 543-3463 ou 1 877 900-3463<\/p>\n\n\n\n<p><strong><a href=\"https:\/\/asmfmh.org\">Les AMIS de la sant\u00e9 mentale, Ouest de l\u2019\u00eele<\/a><\/strong><br>1 514 636-6885<\/p>\n\n\n\n<p><strong><a href=\"https:\/\/lueurduphare.org\/\">Lueur du phare : Lanaudi\u00e8re<\/a><\/strong><br>1 450 752-4544<\/p>\n\n\n\n<p><strong><a href=\"https:\/\/oasissantementale.org\/\">Oasis sant\u00e9 mentale : Granby et r\u00e9gion<\/a><\/strong><br>1 450 777-7131<\/p>\n\n\n\n<p><strong><a href=\"https:\/\/pabemsom.org\/\">PABEMSOM : Lasalle et Verdun<\/a><\/strong><br>1 514 368-4824<\/p>\n\n\n\n<p><strong><a href=\"https:\/\/avantdecraquer.com\">R\u00e9seau avant de craquer (FFAPAMM)<\/a><\/strong><br>Organisme communautaire provincial (Qu\u00e9bec) \u00e0 but non lucratif dont la mission consiste \u00e0 regrouper, repr\u00e9senter, soutenir et mobiliser des organismes qui \u0153uvrent \u00e0 briser l\u2019isolement et \u00e0 actualiser le potentiel des membres de l\u2019entourage qui accompagnent un proche atteint de maladie mentale.<br>1 855 CRAQUER (272-7837)<\/p>\n\n\n\n<h3 class=\"wp-block-heading\"><br>\u2192 Sur la sant\u00e9 mentale<br><\/h3>\n\n\n\n<p><strong><a href=\"https:\/\/acsmmontreal.qc.ca\/\">Association canadienne pour la sant\u00e9 mentale &#8211; Filiale de Montr\u00e9al (ACSM-Montr\u00e9al)<\/a><\/strong><br>\u0152uvre \u00e0 la promotion et \u00e0 la pr\u00e9vention en sant\u00e9 mentale.<\/p>\n\n\n\n<p><strong><a href=\"https:\/\/racorsm.org\/\">RACOR (R\u00e9seau Alternatif et Communautaire des Organismes en sant\u00e9 mentale de l&rsquo;\u00eele de Montr\u00e9al<\/a><\/strong><br>A pour mission de regrouper, soutenir, outiller et repr\u00e9senter les organismes communautaires et alternatifs de l\u2019\u00cele de Montr\u00e9al \u0153uvrant en sant\u00e9 mentale.<\/p>\n\n\n\n<p><strong><a href=\"https:\/\/revivre.org\/\">Revivre<\/a><\/strong><br>Offre du soutien t\u00e9l\u00e9phonique aux personnes souffrant de troubles anxieux, d\u00e9pressifs ou bipolaires.<br>1 866 738-4873<\/p>\n\n\n\n<h4 class=\"wp-block-heading\">Ressources g\u00e9n\u00e9rales<\/h4>\n\n\n\n<p><strong><a href=\"https:\/\/211qc.ca\">211<\/a><\/strong><br>Service d\u2019information et de r\u00e9f\u00e9rence sur les services communautaires, publics et parapublics, disponible 7 jours sur 7, de 8 h \u00e0 18 h.<br>1 866 738-4873<\/p>\n\n\n\n<p><strong>811 Info-sant\u00e9 Composer l\u2019option 2 pour l\u2019Info-Social<\/strong><br>Service de consultation t\u00e9l\u00e9phonique gratuit et confidentiel. Un intervenant social r\u00e9pond \u00e0 vos questions, vous donne des conseils \u00e9clair\u00e9s et vous oriente, au besoin, vers une ressource du r\u00e9seau de sant\u00e9 et des services sociaux.<\/p>\n\n\n\n<p><strong><a href=\"https:\/\/justicedeproximite.qc.ca\/centres\/grand-montreal\/\">Centre de justice de proximit\u00e9 du Grand Montr\u00e9al (CJPGM)<\/a><\/strong><br>A pour mission de promouvoir l\u2019acc\u00e8s \u00e0 la justice en favorisant la participation des citoyennes et des citoyens, par des services d\u2019information juridique gratuits, de soutien et d\u2019orientation, offerts en compl\u00e9mentarit\u00e9 avec les ressources existantes.<\/p>\n\n\n\n<p><strong><a href=\"https:\/\/sante.gouv.qc.ca\/repertoire-ressources\/clsc\/\">Centres locaux de services communautaires (CLSC)<\/a><\/strong><br>Offrent des services de sant\u00e9 et des services sociaux courants. <\/p>\n\n\n\n<p><strong>Direction de la protection de la jeunesse (DPJ)<\/strong><br>Si vous vous inqui\u00e9tez de la situation d&rsquo;un enfant, vous croyez qu\u2019il est maltrait\u00e9, n\u00e9glig\u00e9 ou manifeste des troubles de comportements s\u00e9rieux, vous pouvez le signaler au Directeur de la protection de la jeunesse (DPJ) de votre r\u00e9gion.<br>Services de r\u00e9ception, de traitement des signalements, d&rsquo;\u00e9valuation et d&rsquo;orientation pour les jeunes de moins de 18 ans; 24 heures sur 24, 7 jours sur 7.<br>Montr\u00e9al francophone : 1 514 896-3100<br>Montr\u00e9al anglophone (Centre de la jeunesse et de la famille Batshaw) : 1 514 935-6196<\/p>\n\n\n\n<p><strong><a href=\"https:\/\/drogue-aidereference.qc.ca\">Drogue : aide et r\u00e9f\u00e9rence (DAR)<\/a><\/strong><br>Offre soutien, information et r\u00e9f\u00e9rence aux personnes concern\u00e9es par la toxicomanie, et ce, \u00e0 travers tout le Qu\u00e9bec. Accessible 24 heures par jour et 7 jours sur 7, le service t\u00e9l\u00e9phonique sp\u00e9cialis\u00e9 est bilingue, gratuit, anonyme et confidentiel.<br>Montr\u00e9al : 1 514 527-2626 ou 1 800 265-2626<\/p>\n\n\n\n<p><strong><a href=\"https:\/\/educaloi.qc.ca\">\u00c9ducaloi<\/a><\/strong>             <br>Site internet qui offre de l\u2019information claire et accessible aux Qu\u00e9b\u00e9cois\u00b7e\u00b7s sur les lois, leurs droits et obligations.<\/p>\n\n\n\n<p><strong><a href=\"https:\/\/equijustice.ca\/fr\">\u00c9quijustice<\/a><\/strong><br>D\u00e9velopper une justice \u00e9quitable et accessible \u00e0 tous en invitant les personnes \u00e0 s\u2019engager dans la gestion des difficult\u00e9s qu\u2019elles vivent en collectivit\u00e9 et en les accompagnant dans le respect de leurs droits et de leurs diff\u00e9rences.<br>1 514 522-2554<\/p>\n\n\n\n<p><strong><a href=\"https:\/\/jeu-aidereference.qc.ca\/fr\">Jeu : aide et r\u00e9f\u00e9rence (JAR)<\/a><\/strong><br>Offre soutien, information et r\u00e9f\u00e9rence aux personnes concern\u00e9es par le jeu excessif, et ce, \u00e0 travers tout le Qu\u00e9bec. Accessible 24 heures par jour et 7 jours sur 7, le service t\u00e9l\u00e9phonique sp\u00e9cialis\u00e9 est bilingue, gratuit, anonyme et confidentiel.<br>Montr\u00e9al : 1 514-527-0140 ou 1 800 461-0140<\/p>\n\n\n\n<p><strong><a href=\"https:\/\/ordrepsy.qc.ca \">Ordre des psychologues du Qu\u00e9bec<\/a><\/strong><br>Dispose d\u2019un outil en ligne permettant de trouver un psychologue ou un d\u00e9tenteur de permis de psychoth\u00e9rapeute dans sa r\u00e9gion.<\/p>\n\n\n\n<p><strong><a href=\"https:\/\/ordrepsy.qc.ca \">Ordre des travailleurs sociaux et des th\u00e9rapeutes conjugaux et familiaux du Qu\u00e9bec<\/a><\/strong><br>Dispose d\u2019un outil en ligne permettant de rechercher un travailleur social\/travailleuse sociale, ou th\u00e9rapeute conjugale et familiale, membre de l\u2019ordre dans sa r\u00e9gion.<\/p>\n\n\n\n<h4 class=\"wp-block-heading\">Pour les professionnel\u00b7le\u00b7s et intervenant\u00b7e\u00b7s <\/h4>\n\n\n\n<p><strong>Urgence psychosociale-Justice (UPS-J) du CIUSSS Centre Sud de l&rsquo;Ile de Montr\u00e9al<\/strong><br>Seuls   les professionnel\u00b7le\u00b7s peuvent faire appel \u00e0 l\u2019\u00e9quipe de l\u2019UPS-J.  Offre  des services d\u2019intervention de crise, de consultation  t\u00e9l\u00e9phonique et  des conseils sur les avenues d&rsquo;intervention lorsque  surviennent des  incidents impliquant des personnes dont l\u2019\u00e9tat mental  est alt\u00e9r\u00e9 aux  professionnels afin de pr\u00e9venir une d\u00e9t\u00e9rioration de  l&rsquo;\u00e9tat mental des  personnes. Accessible 24 heures par jour, 7 jours sur  7.  <\/p>\n","protected":false},"excerpt":{"rendered":"<p>Quelques guides t\u00e9l\u00e9chargeables AQPAMM. (2018). Ensemble vers le respectGuide d\u2019aide et de ressources : Contrer et pr\u00e9venir l&rsquo;intimidation dans la relation avec un proche ayant une probl\u00e9matique de sant\u00e9 mentale FFAPAMM et UNAFAM. (2013). L\u2019indispensable \u2013 Guide \u00e0 l\u2019intention des membres de l\u2019entourage d\u2019une personne atteinte de maladie mentale Gouvernement du Qu\u00e9bec. (2009). Guide pratique [&#8230;]<\/p>\n<p><a class=\"btn btn-secondary understrap-read-more-link\" href=\"https:\/\/aqpamm.ca\/formation\/intervenant%c2%b7e%c2%b7s\/ressources\/liens-utiles\/\">Lire la suite\u2026<span class=\"screen-reader-text\"> from Liens utiles<\/span><\/a><\/p>\n","protected":false},"author":1,"featured_media":0,"parent":391,"menu_order":55,"comment_status":"closed","ping_status":"closed","template":"","meta":{"footnotes":""},"class_list":["post-702","page","type-page","status-publish","hentry"],"_links":{"self":[{"href":"https:\/\/aqpamm.ca\/formation\/wp-json\/wp\/v2\/pages\/702","targetHints":{"allow":["GET"]}}],"collection":[{"href":"https:\/\/aqpamm.ca\/formation\/wp-json\/wp\/v2\/pages"}],"about":[{"href":"https:\/\/aqpamm.ca\/formation\/wp-json\/wp\/v2\/types\/page"}],"author":[{"embeddable":true,"href":"https:\/\/aqpamm.ca\/formation\/wp-json\/wp\/v2\/users\/1"}],"replies":[{"embeddable":true,"href":"https:\/\/aqpamm.ca\/formation\/wp-json\/wp\/v2\/comments?post=702"}],"version-history":[{"count":58,"href":"https:\/\/aqpamm.ca\/formation\/wp-json\/wp\/v2\/pages\/702\/revisions"}],"predecessor-version":[{"id":1171,"href":"https:\/\/aqpamm.ca\/formation\/wp-json\/wp\/v2\/pages\/702\/revisions\/1171"}],"up":[{"embeddable":true,"href":"https:\/\/aqpamm.ca\/formation\/wp-json\/wp\/v2\/pages\/391"}],"wp:attachment":[{"href":"https:\/\/aqpamm.ca\/formation\/wp-json\/wp\/v2\/media?parent=702"}],"curies":[{"name":"wp","href":"https:\/\/api.w.org\/{rel}","templated":true}]}}