{"id":43,"date":"2020-01-02T22:48:14","date_gmt":"2020-01-02T21:48:14","guid":{"rendered":"https:\/\/aqpamm.ca\/formation\/?page_id=43"},"modified":"2020-01-28T21:45:22","modified_gmt":"2020-01-28T20:45:22","slug":"deroulement-de-la-formation","status":"publish","type":"page","link":"https:\/\/aqpamm.ca\/formation\/intervenant%c2%b7e%c2%b7s\/introduction\/deroulement-de-la-formation\/","title":{"rendered":"D\u00e9roulement de la formation"},"content":{"rendered":"\n<figure class=\"wp-block-image size-large col-sm-4\"><img loading=\"lazy\" decoding=\"async\" width=\"464\" height=\"402\" src=\"https:\/\/aqpamm.ca\/formation\/wp-content\/uploads\/2020\/01\/marie.png\" alt=\"\" class=\"wp-image-468\" srcset=\"https:\/\/aqpamm.ca\/formation\/wp-content\/uploads\/2020\/01\/marie.png 464w, https:\/\/aqpamm.ca\/formation\/wp-content\/uploads\/2020\/01\/marie-300x260.png 300w\" sizes=\"auto, (max-width: 464px) 100vw, 464px\" \/><\/figure>\n\n\n\n<p class=\"col-sm-8\">Marie vit avec une d\u00e9pression majeure depuis le d\u00e9c\u00e8s de son mari. Chaque semaine, son fils Maxime fait ses courses pour l\u2019aider.<br><br>Depuis quelque temps, la relation entre elle et Maxime s\u2019est d\u00e9grad\u00e9e. Elle vient vous consulter pour obtenir des conseils. <strong>Vous \u00eates invit\u00e9\u00b7e \u00e0 l\u2019accompagner au cours de cette formation<\/strong>.<\/p>\n","protected":false},"excerpt":{"rendered":"<p>Marie vit avec une d\u00e9pression majeure depuis le d\u00e9c\u00e8s de son mari. Chaque semaine, son fils Maxime fait ses courses pour l\u2019aider. Depuis quelque temps, la relation entre elle et Maxime s\u2019est d\u00e9grad\u00e9e. Elle vient vous consulter pour obtenir des conseils. Vous \u00eates invit\u00e9\u00b7e \u00e0 l\u2019accompagner au cours de cette formation. [&#8230;]<\/p>\n<p><a class=\"btn btn-secondary understrap-read-more-link\" href=\"https:\/\/aqpamm.ca\/formation\/intervenant%c2%b7e%c2%b7s\/introduction\/deroulement-de-la-formation\/\">Lire la suite\u2026<span class=\"screen-reader-text\"> from D\u00e9roulement de la formation<\/span><\/a><\/p>\n","protected":false},"author":1,"featured_media":0,"parent":20,"menu_order":3,"comment_status":"closed","ping_status":"closed","template":"","meta":{"footnotes":""},"class_list":["post-43","page","type-page","status-publish","hentry"],"_links":{"self":[{"href":"https:\/\/aqpamm.ca\/formation\/wp-json\/wp\/v2\/pages\/43","targetHints":{"allow":["GET"]}}],"collection":[{"href":"https:\/\/aqpamm.ca\/formation\/wp-json\/wp\/v2\/pages"}],"about":[{"href":"https:\/\/aqpamm.ca\/formation\/wp-json\/wp\/v2\/types\/page"}],"author":[{"embeddable":true,"href":"https:\/\/aqpamm.ca\/formation\/wp-json\/wp\/v2\/users\/1"}],"replies":[{"embeddable":true,"href":"https:\/\/aqpamm.ca\/formation\/wp-json\/wp\/v2\/comments?post=43"}],"version-history":[{"count":8,"href":"https:\/\/aqpamm.ca\/formation\/wp-json\/wp\/v2\/pages\/43\/revisions"}],"predecessor-version":[{"id":481,"href":"https:\/\/aqpamm.ca\/formation\/wp-json\/wp\/v2\/pages\/43\/revisions\/481"}],"up":[{"embeddable":true,"href":"https:\/\/aqpamm.ca\/formation\/wp-json\/wp\/v2\/pages\/20"}],"wp:attachment":[{"href":"https:\/\/aqpamm.ca\/formation\/wp-json\/wp\/v2\/media?parent=43"}],"curies":[{"name":"wp","href":"https:\/\/api.w.org\/{rel}","templated":true}]}}