{"id":343,"date":"2020-01-10T03:20:39","date_gmt":"2020-01-10T02:20:39","guid":{"rendered":"https:\/\/aqpamm.ca\/formation\/?page_id=343"},"modified":"2020-02-05T18:14:23","modified_gmt":"2020-02-05T17:14:23","slug":"conclusion","status":"publish","type":"page","link":"https:\/\/aqpamm.ca\/formation\/intervenant%c2%b7e%c2%b7s\/module-3\/conclusion\/","title":{"rendered":"Conclusion"},"content":{"rendered":"\n<p class=\"has-text-align-center col-sm-12\"><strong>F\u00e9licitations<\/strong>!<br>Vous avez termin\u00e9 le module 3<br>Contrer l&rsquo;intimidation<br><br><a class=\"button\" href=\"https:\/\/aqpamm.ca\/formation\/intervenants\/exercice-recapitualtif\/\">Compl\u00e9ter l&rsquo;exercice r\u00e9capitulatif<\/a><\/p>\n","protected":false},"excerpt":{"rendered":"<p>F\u00e9licitations!Vous avez termin\u00e9 le module 3Contrer l&rsquo;intimidation Compl\u00e9ter l&rsquo;exercice r\u00e9capitulatif [&#8230;]<\/p>\n<p><a class=\"btn btn-secondary understrap-read-more-link\" href=\"https:\/\/aqpamm.ca\/formation\/intervenant%c2%b7e%c2%b7s\/module-3\/conclusion\/\">Lire la suite\u2026<span class=\"screen-reader-text\"> from Conclusion<\/span><\/a><\/p>\n","protected":false},"author":1,"featured_media":0,"parent":213,"menu_order":47,"comment_status":"closed","ping_status":"closed","template":"","meta":{"footnotes":""},"class_list":["post-343","page","type-page","status-publish","hentry"],"_links":{"self":[{"href":"https:\/\/aqpamm.ca\/formation\/wp-json\/wp\/v2\/pages\/343","targetHints":{"allow":["GET"]}}],"collection":[{"href":"https:\/\/aqpamm.ca\/formation\/wp-json\/wp\/v2\/pages"}],"about":[{"href":"https:\/\/aqpamm.ca\/formation\/wp-json\/wp\/v2\/types\/page"}],"author":[{"embeddable":true,"href":"https:\/\/aqpamm.ca\/formation\/wp-json\/wp\/v2\/users\/1"}],"replies":[{"embeddable":true,"href":"https:\/\/aqpamm.ca\/formation\/wp-json\/wp\/v2\/comments?post=343"}],"version-history":[{"count":2,"href":"https:\/\/aqpamm.ca\/formation\/wp-json\/wp\/v2\/pages\/343\/revisions"}],"predecessor-version":[{"id":645,"href":"https:\/\/aqpamm.ca\/formation\/wp-json\/wp\/v2\/pages\/343\/revisions\/645"}],"up":[{"embeddable":true,"href":"https:\/\/aqpamm.ca\/formation\/wp-json\/wp\/v2\/pages\/213"}],"wp:attachment":[{"href":"https:\/\/aqpamm.ca\/formation\/wp-json\/wp\/v2\/media?parent=343"}],"curies":[{"name":"wp","href":"https:\/\/api.w.org\/{rel}","templated":true}]}}