{"id":312,"date":"2020-01-10T02:39:18","date_gmt":"2020-01-10T01:39:18","guid":{"rendered":"https:\/\/aqpamm.ca\/formation\/?page_id=312"},"modified":"2020-02-05T18:01:51","modified_gmt":"2020-02-05T17:01:51","slug":"intervenir-aupres-dune-personne-victime-page-2-2","status":"publish","type":"page","link":"https:\/\/aqpamm.ca\/formation\/intervenant%c2%b7e%c2%b7s\/module-3\/intervenir-aupres-dune-personne-victime-page-2-2\/","title":{"rendered":"Intervenir aupr\u00e8s d\u2019une personne victime (page 2\/2)"},"content":{"rendered":"\n<div class=\"col-sm-8\">\n<strong>Pistes d\u2019interventions lorsque la personne a confi\u00e9 \u00eatre victime<\/strong><br>\n<br>\nVous pourriez encourager la personne \u00e0:<br>\n<ul>\n<li>signaler son inconfort \u00e0 son proche<\/li>\n<li>parler d\u2019une voix ferme et non agressive<\/li>\n<li>travailler l\u2019affirmation et la communication avec elle<\/li>\n<li>briser l\u2019isolement en se confiant \u00e0 une personne de confiance<\/li>\n<li>d\u00e9velopper et maintenir des relations sociales positives<\/li>\n<li>participer \u00e0 des activit\u00e9s qui favorisent le sentiment de contr\u00f4le sur sa vie et\/ou qui favorisent son estime et sa confiance<\/li>\n<\/ul>\n<br>\nCes pistes d\u2019intervention doivent \u00eatre propos\u00e9es selon la situation et le niveau de confort de la personne.\n<br>\nNous vous sugg\u00e9rons de revoir, au besoin, la section sur les facteurs de protection puisque certaines interventions sont pertinentes pour contrer l\u2019intimidation aupr\u00e8s d\u2019une personne intimid\u00e9e.\n<br>\n<br>\n<a href=\"https:\/\/aqpamm.ca\/formation\/intervenants\/module-2\/les-facteurs-de-protection\/\" class=\"button\">Revoir les facteurs de protection<\/a>\n<\/div>\n\n\n\n<figure class=\"wp-block-image size-large col-sm-4\"><img loading=\"lazy\" decoding=\"async\" width=\"464\" height=\"402\" src=\"https:\/\/aqpamm.ca\/formation\/wp-content\/uploads\/2020\/01\/marie.png\" alt=\"\" class=\"wp-image-468\" srcset=\"https:\/\/aqpamm.ca\/formation\/wp-content\/uploads\/2020\/01\/marie.png 464w, https:\/\/aqpamm.ca\/formation\/wp-content\/uploads\/2020\/01\/marie-300x260.png 300w\" sizes=\"auto, (max-width: 464px) 100vw, 464px\" \/><\/figure>\n","protected":false},"excerpt":{"rendered":"<p>Pistes d\u2019interventions lorsque la personne a confi\u00e9 \u00eatre victime Vous pourriez encourager la personne \u00e0: signaler son inconfort \u00e0 son proche parler d\u2019une voix ferme et non agressive travailler l\u2019affirmation et la communication avec elle briser l\u2019isolement en se confiant \u00e0 une personne de confiance d\u00e9velopper et maintenir des relations sociales positives participer \u00e0 des [&#8230;]<\/p>\n<p><a class=\"btn btn-secondary understrap-read-more-link\" href=\"https:\/\/aqpamm.ca\/formation\/intervenant%c2%b7e%c2%b7s\/module-3\/intervenir-aupres-dune-personne-victime-page-2-2\/\">Lire la suite\u2026<span class=\"screen-reader-text\"> from Intervenir aupr\u00e8s d\u2019une personne victime (page 2\/2)<\/span><\/a><\/p>\n","protected":false},"author":1,"featured_media":0,"parent":213,"menu_order":40,"comment_status":"closed","ping_status":"closed","template":"","meta":{"footnotes":""},"class_list":["post-312","page","type-page","status-publish","hentry"],"_links":{"self":[{"href":"https:\/\/aqpamm.ca\/formation\/wp-json\/wp\/v2\/pages\/312","targetHints":{"allow":["GET"]}}],"collection":[{"href":"https:\/\/aqpamm.ca\/formation\/wp-json\/wp\/v2\/pages"}],"about":[{"href":"https:\/\/aqpamm.ca\/formation\/wp-json\/wp\/v2\/types\/page"}],"author":[{"embeddable":true,"href":"https:\/\/aqpamm.ca\/formation\/wp-json\/wp\/v2\/users\/1"}],"replies":[{"embeddable":true,"href":"https:\/\/aqpamm.ca\/formation\/wp-json\/wp\/v2\/comments?post=312"}],"version-history":[{"count":19,"href":"https:\/\/aqpamm.ca\/formation\/wp-json\/wp\/v2\/pages\/312\/revisions"}],"predecessor-version":[{"id":644,"href":"https:\/\/aqpamm.ca\/formation\/wp-json\/wp\/v2\/pages\/312\/revisions\/644"}],"up":[{"embeddable":true,"href":"https:\/\/aqpamm.ca\/formation\/wp-json\/wp\/v2\/pages\/213"}],"wp:attachment":[{"href":"https:\/\/aqpamm.ca\/formation\/wp-json\/wp\/v2\/media?parent=312"}],"curies":[{"name":"wp","href":"https:\/\/api.w.org\/{rel}","templated":true}]}}