{"id":1031,"date":"2020-03-07T08:15:58","date_gmt":"2020-03-07T07:15:58","guid":{"rendered":"https:\/\/aqpamm.ca\/formation\/?page_id=1031"},"modified":"2020-03-26T03:30:33","modified_gmt":"2020-03-26T02:30:33","slug":"bibliographie","status":"publish","type":"page","link":"https:\/\/aqpamm.ca\/formation\/proche-aidant%c2%b7e\/ressources\/bibliographie\/","title":{"rendered":"Bibliographie"},"content":{"rendered":"\n<p>Association\nqu\u00e9b\u00e9coise de g\u00e9rontologie. (2014). M\u00e9moire de l\u2019Association qu\u00e9b\u00e9coise de\ng\u00e9rontologie (AQG) : Ensemble contre l\u2019intimidation. Rep\u00e9r\u00e9 \u00e0&nbsp;<a href=\"https:\/\/www.aqg-quebec.org\/pixms\/uploads\/serve\/ckeditor\/ensemble_contre_lintimidation_nov_2014-2.pdf\">https:\/\/www.aqg-quebec.org\/pixms\/uploads\/serve\/ckeditor\/ensemble_contre_lintimidation_nov_2014-2.pdf<\/a><\/p>\n\n\n\n<p>AQPAMM.\n(2018). Ensemble vers le respect \u2013 Guide d\u2019aide et de ressources&nbsp;: Contrer\net pr\u00e9venir l\u2019intimidation dans la relation avec un proche ayant une\nprobl\u00e9matique de sant\u00e9 mentale. Rep\u00e9r\u00e9 \u00e0<a href=\"https:\/\/aqpamm.ca\/wp-content\/uploads\/2018\/10\/AQPAMM_Ensemble_vers_le_respect_WEB-1.pdf\">&nbsp;<\/a><a href=\"https:\/\/aqpamm.ca\/wp-content\/uploads\/2018\/10\/AQPAMM_Ensemble_vers_le_respect_WEB-1.pdf\">https:\/\/aqpamm.ca\/wp-content\/uploads\/2018\/10\/AQPAMM_Ensemble_vers_le_respect_WEB-1.pdf<\/a><\/p>\n\n\n\n<p>Beattie,\nM. (2011). Vaincre la cod\u00e9pendance (traduit par H. Collon). Paris: Pocket.<\/p>\n\n\n\n<p>Cassel,\nJ. (1974). Psychosocial processes and stress: theoretical formulation.&nbsp;<em>International\nJournal of Health Services, 4<\/em>(1), 471-482.<\/p>\n\n\n\n<p>Centre\nint\u00e9gr\u00e9 universitaire de sant\u00e9 et de services sociaux de la Capitale-Nationale.\n(2017). Rep\u00e9r\u00e9 \u00e0&nbsp;<a href=\"https:\/\/www.ciusss-capitalenationale.gouv.qc.ca\/sites\/default\/files\/docs\/CEVQ\/depistage_des_besoins_des_proches_aidants_-outils.pdf\">https:\/\/www.ciusss-capitalenationale.gouv.qc.ca\/sites\/default\/files\/docs\/CEVQ\/depistage_des_besoins_des_proches_aidants_-outils.pdf<\/a><\/p>\n\n\n\n<p>Chaire\nde recherche sur la maltraitance envers les personnes a\u00een\u00e9es. (2014).\nL\u2019intimidation envers les personnes a\u00een\u00e9es. M\u00e9moire d\u00e9pos\u00e9 au gouvernement du\nQu\u00e9bec dans le cadre du forum sur l\u2019intimidation.&nbsp;<a href=\"https:\/\/www.mfa.gouv.qc.ca\/fr\/publication\/Documents\/2014-11-30.3-Memoire.pdf\">https:\/\/www.mfa.gouv.qc.ca\/fr\/publication\/Documents\/2014-11-30.3-Memoire.pdf<\/a><\/p>\n\n\n\n<p>Charte\ndes droits et libert\u00e9s de la personne, LRQ, c C-12, art 1, 4, 10.<\/p>\n\n\n\n<p>Conflit.\n(s. d.). Dans dictionnaire Linternaute en ligne. Rep\u00e9r\u00e9 \u00e0&nbsp;<a href=\"https:\/\/www.linternaute.fr\/dictionnaire\/fr\/definition\/%20conflit\/\">https:\/\/www.linternaute.fr\/dictionnaire\/fr\/definition\/\nconflit\/<\/a><\/p>\n\n\n\n<p>Code\ncriminel, LRC 1985, c C-46, art 423(1).<\/p>\n\n\n\n<p>Craig,\nW. M. et Pepler, D. J. (2003). Identifying and Targeting Risk for\nInvolvement in Bullying and Victimization.&nbsp;<a href=\"https:\/\/journals.sagepub.com\/home\/cpa\"><em>The\nCanadian Journal of Psychiatry<\/em><\/a>,<a href=\"https:\/\/journals.sagepub.com\/toc\/cpab\/48\/9\">48 (9<\/a>), 577-582. Rep\u00e9r\u00e9 \u00e0&nbsp;<a href=\"https:\/\/journals.sagepub.com\/doi\/pdf\/10.1177\/070674370304800903\">https:\/\/journals.sagepub.com\/doi\/pdf\/10.1177\/070674370304800903<\/a><\/p>\n\n\n\n<p>Croix-Rouge\ncanadienne. (2007). Au-del\u00e0 de la souffrance : Pr\u00e9vention de l\u2019intimidation et\ndu harc\u00e8lement<\/p>\n\n\n\n<p>D\u00e9responsabilisation.\n(s. d.). Dans dictionnaire Linternaute en ligne. Rep\u00e9r\u00e9 \u00e0&nbsp;<a href=\"https:\/\/www.linternaute.fr\/dictionnaire\/%20fr\/definition\/deresponsabilisation\/\">https:\/\/www.linternaute.fr\/dictionnaire\/\nfr\/definition\/deresponsabilisation\/<\/a><\/p>\n\n\n\n<p>Forward,\nS. (1997).&nbsp;<em>Ces gens qui font du chantage affectif.&nbsp;<\/em>Les\n\u00c9ditions de l\u2019Homme.<\/p>\n\n\n\n<p>Gouvernement\ndu Qu\u00e9bec. (2009). Guide pratique sur les droits en sant\u00e9 mentale : r\u00e9ponse aux\nquestions des membres de l\u2019entourage de la personne ayant des probl\u00e8mes de\nsant\u00e9 mentale.<\/p>\n\n\n\n<p>Gouvernement\ndu Qu\u00e9bec. (2017). Rep\u00e9r\u00e9 \u00e0&nbsp;<a href=\"https:\/\/www.quebec.ca\/famille-et-soutien-aux-personnes\/aide-et-soutien\/intimidation\/#c4827\">https:\/\/www.quebec.ca\/famille-et-soutien-aux-personnes\/aide-et-soutien\/intimidation\/#c4827<\/a><\/p>\n\n\n\n<p>Gouvernement\ndu Qu\u00e9bec. (2016). Guide de r\u00e9f\u00e9rence pour contrer la maltraitance envers les\npersonnes a\u00een\u00e9es.<\/p>\n\n\n\n<p>Holahan,\nC. J. et Moos, R. H. (1981). Social support and psychological distress: A\nlongitudinal analysis.&nbsp;<em>Journal of Abnormal Psychology<\/em>,&nbsp;<em>90<\/em>(4),\n365.<\/p>\n\n\n\n<p>Institut\nnational de sant\u00e9 publique du Qu\u00e9bec. (s. d.). Rep\u00e9r\u00e9 \u00e0&nbsp;<a href=\"https:\/\/www.inspq.qc.ca\/violence-conjugale\/cadre-legal\/code-criminel\">https:\/\/www.inspq.qc.ca\/violence-conjugale\/cadre-legal\/code-criminel<\/a><\/p>\n\n\n\n<p>Institut\nuniversitaire en sant\u00e9 mentale Douglas. (2011). Rep\u00e9r\u00e9 \u00e0&nbsp;<a href=\"http:\/\/www.douglas.qc.ca\/info\/presenter-undanger-pour-soi-meme-ou-pour-autrui\">http:\/\/www.douglas.qc.ca\/info\/presenter-undanger-pour-soi-meme-ou-pour-autrui<\/a><\/p>\n\n\n\n<p>Institut\nuniversitaire en sant\u00e9 mentale Douglas. (2013a). Rep\u00e9r\u00e9 \u00e0&nbsp;<a href=\"http:\/\/www.douglas.qc.ca\/page\/commettre-delit\">http:\/\/www.douglas.qc.ca\/page\/commettre-delit<\/a><\/p>\n\n\n\n<p>Institut\nuniversitaire en sant\u00e9 mentale Douglas. (2013b). Rep\u00e9r\u00e9 \u00e0&nbsp;<a href=\"http:\/\/www.douglas.qc.ca\/info\/retablissementsante-mentale\">http:\/\/www.douglas.qc.ca\/info\/retablissementsante-mentale<\/a><\/p>\n\n\n\n<p>Jeunesse,\nJ\u2019\u00e9coute. (s. d.). Rep\u00e9r\u00e9 \u00e0&nbsp;<a href=\"https:\/\/jeunessejecoute.ca\/information\/quest-ce-que-lintimidation\/\">https:\/\/jeunessejecoute.ca\/information\/quest-ce-que-lintimidation\/<\/a><\/p>\n\n\n\n<p>Lecomte,\nY. et Lefebvre, Y. (1986). L\u2019intervention en situation de crise. Sant\u00e9 mentale\nau Qu\u00e9bec, 11(2), 122\u2013142. doi:10.7202\/030352ar<\/p>\n\n\n\n<p>Loi\nsur l\u2019instruction publique, LRQ, c C- I-13.3, art 13.<\/p>\n\n\n\n<p>Loi\nsur le syst\u00e8me de justice p\u00e9nale pour les adolescents, LC 2002, c 1.<\/p>\n\n\n\n<p>Lorenz, S. et Bigler, P. (2013). Responsabilisation et\nd\u00e9voilement : le r\u00f4le d\u2019un programme pour hommes auteurs de violences au sein\ndu couple.&nbsp;<em>Pens\u00e9e plurielle<\/em>, 32(1), 115-127.<\/p>\n\n\n\n<p>Minist\u00e8re de la Famille du Qu\u00e9bec. (2015a).&nbsp;<em>Intimidation<\/em>.\nRep\u00e9r\u00e9 \u00e0<a href=\"https:\/\/www.mfa.gouv.qc.ca\/fr\/intimidation\/Pages\/index.aspx\">&nbsp;<\/a><a href=\"https:\/\/www.mfa.gouv.qc.ca\/fr\/intimidation\/Pages\/index.aspx\">https:\/\/www.mfa.gouv.qc.ca\/fr\/intimidation\/Pages\/index.aspx<\/a><\/p>\n\n\n\n<p>Minist\u00e8re de la Famille du Qu\u00e9bec. (2015b). Rep\u00e9r\u00e9 \u00e0&nbsp;<a href=\"https:\/\/www.mfa.gouv.qc.ca\/fr\/intimidation\/definition\/Pages\/encadrement-legal.aspx\">https:\/\/www.mfa.gouv.qc.ca\/fr\/intimidation\/definition\/Pages\/encadrement-legal.aspx<\/a><\/p>\n\n\n\n<p>R\u00e9seau Avant de craquer. (s. d.). Rep\u00e9r\u00e9 \u00e0&nbsp;<a href=\"https:\/\/www.avantdecraquer.com\/besoin-daide\/cest-urgent\/\">https:\/\/www.avantdecraquer.com\/besoin-daide\/cest-urgent\/<\/a>&nbsp;<\/p>\n\n\n\n<p>Roland, E. (2002). Bullying, depressive symptoms and suicidal\nthoughts.&nbsp;<em>Educational Research<\/em>,<em>&nbsp;44<\/em>(1), 55-67.<\/p>\n\n\n\n<p>Rousseau, M. (1998). Portrait de famille : \u00e9tude exploratoire\nsur les variables associ\u00e9es au v\u00e9cu des membres d\u2019associations de familles et\namis de la personne atteinte de maladie mentale. Qu\u00e9bec : FFAPAMM.<\/p>\n\n\n\n<p>Sant\u00e9 Montr\u00e9al. (s. d.). Rep\u00e9r\u00e9 \u00e0&nbsp;<a href=\"https:\/\/santemontreal.qc.ca\/population\/services\/centres-de-crise\/\">https:\/\/santemontreal.qc.ca\/population\/services\/centres-de-crise\/<\/a><\/p>\n\n\n\n<p>Sant\u00e9 publique Ottawa., Association canadienne pour la sant\u00e9\nmentale., Association canadienne de sant\u00e9 publique., Mental Illness Caregivers\nAssociation et Services aux familles des militaires. (2016). Guide des proches\naidants en sant\u00e9 mentale: Un guide pour les aidants des personnes vivant avec\nune maladie mentale ou aux prises avec un trouble de sant\u00e9 mentale. Ottawa, ON:\nSant\u00e9 publique Ottawa.<\/p>\n\n\n\n<p>Schulz, R. et Martire, L. M. (2004). Family caregiving of\npersons with dementia: prevalence, health effects, and support strategies.&nbsp;<em>The\nAmerican journal of geriatric psychiatry<\/em>, 12(3), 240-249.<\/p>\n\n\n\n<p>Sinha, M. (2013).&nbsp;<em>Portrait des aidants familiaux, 2012<\/em>&nbsp;(Vol.\n4). Ottawa: Statistique Canada.<\/p>\n\n\n\n<p>Straus, M. A. (2017). Measuring intrafamily conflict and\nviolence: The conflict tactics (CT) scales. In&nbsp;<em>Physical violence in American\nfamilies<\/em>&nbsp;(pp. 29-48). Routledge.<\/p>\n\n\n\n<p>Takizawa, R., Maughan, B. et Arseneault, L. (2014). Adult health\noutcomes of childhood bullying victimization: Evidence from a five-decade\nlongitudinal British birth cohort. American Journal of Psychiatry, 171(7),\n777-784.<\/p>\n\n\n\n<p>Tribunal administratif du Qu\u00e9bec. (s. d.). Rep\u00e9r\u00e9 \u00e0\u00a0<a href=\"https:\/\/www.taq.gouv.qc.ca\/fr\/sante-mentale\/commission-d-examen-des-troubles-mentaux\/role\">https:\/\/www.taq.gouv.qc.ca\/fr\/sante-mentale\/commission-d-examen-des-troubles-mentaux\/role<\/a><br><br><br><br><\/p>\n\n\n\n<p class=\"col-md-12\" style=\"text-align:center\"><a class=\"button\" href=\"https:\/\/aqpamm.ca\/formations\/\">Quitter<\/a><\/p>\n","protected":false},"excerpt":{"rendered":"<p>Association qu\u00e9b\u00e9coise de g\u00e9rontologie. (2014). M\u00e9moire de l\u2019Association qu\u00e9b\u00e9coise de g\u00e9rontologie (AQG) : Ensemble contre l\u2019intimidation. Rep\u00e9r\u00e9 \u00e0&nbsp;https:\/\/www.aqg-quebec.org\/pixms\/uploads\/serve\/ckeditor\/ensemble_contre_lintimidation_nov_2014-2.pdf AQPAMM. (2018). Ensemble vers le respect \u2013 Guide d\u2019aide et de ressources&nbsp;: Contrer et pr\u00e9venir l\u2019intimidation dans la relation avec un proche ayant une probl\u00e9matique de sant\u00e9 mentale. Rep\u00e9r\u00e9 \u00e0&nbsp;https:\/\/aqpamm.ca\/wp-content\/uploads\/2018\/10\/AQPAMM_Ensemble_vers_le_respect_WEB-1.pdf Beattie, M. (2011). Vaincre la cod\u00e9pendance (traduit [&#8230;]<\/p>\n<p><a class=\"btn btn-secondary understrap-read-more-link\" href=\"https:\/\/aqpamm.ca\/formation\/proche-aidant%c2%b7e\/ressources\/bibliographie\/\">Lire la suite\u2026<span class=\"screen-reader-text\"> from Bibliographie<\/span><\/a><\/p>\n","protected":false},"author":1,"featured_media":0,"parent":1024,"menu_order":108,"comment_status":"closed","ping_status":"closed","template":"","meta":{"footnotes":""},"class_list":["post-1031","page","type-page","status-publish","hentry"],"_links":{"self":[{"href":"https:\/\/aqpamm.ca\/formation\/wp-json\/wp\/v2\/pages\/1031","targetHints":{"allow":["GET"]}}],"collection":[{"href":"https:\/\/aqpamm.ca\/formation\/wp-json\/wp\/v2\/pages"}],"about":[{"href":"https:\/\/aqpamm.ca\/formation\/wp-json\/wp\/v2\/types\/page"}],"author":[{"embeddable":true,"href":"https:\/\/aqpamm.ca\/formation\/wp-json\/wp\/v2\/users\/1"}],"replies":[{"embeddable":true,"href":"https:\/\/aqpamm.ca\/formation\/wp-json\/wp\/v2\/comments?post=1031"}],"version-history":[{"count":6,"href":"https:\/\/aqpamm.ca\/formation\/wp-json\/wp\/v2\/pages\/1031\/revisions"}],"predecessor-version":[{"id":1260,"href":"https:\/\/aqpamm.ca\/formation\/wp-json\/wp\/v2\/pages\/1031\/revisions\/1260"}],"up":[{"embeddable":true,"href":"https:\/\/aqpamm.ca\/formation\/wp-json\/wp\/v2\/pages\/1024"}],"wp:attachment":[{"href":"https:\/\/aqpamm.ca\/formation\/wp-json\/wp\/v2\/media?parent=1031"}],"curies":[{"name":"wp","href":"https:\/\/api.w.org\/{rel}","templated":true}]}}